(a) = -a**3 - 204*a**2 + 18165*a - 487. Determine f(67).
49
Let t(r) = -14*r - 2802. What is t(-190)?
-142
Let q(v) = -1884*v - 48995. Give q(-26).
-11
Let c(y) = 3586*y + 4311. Determine c(-1).
725
Let r(h) = 3828*h - 1917828. What is r(501)?
0
Let g(i) = 159*i - 17213. Determine g(91).
-2744
Let o(t) = -42*t**2 - 189*t - 147. What is o(-4)?
-63
Let t(z) = -60*z**2 - 929*z + 507. Give t(-16).
11
Let o(l) = 16*l**2 + 453*l + 2579. What is o(-8)?
-21
Let o(h) = 3*h**2 + 9655*h + 661135. Determine o(-70).
-15
Let i(d) = d**2 - 229*d + 12504. Give i(127).
-450
Let b(p) = 5*p**2 + 3606*p + 14210. Give b(-4).
-134
Let i(j) = -j**3 - 42*j**2 + 1165*j + 242. Determine i(-61).
-124
Let a(i) = 11*i**2 - 2728*i + 31107. What is a(236)?
-45
Let b(z) = -z**2 + 516*z + 16201. What is b(-30)?
-179
Let z(b) = b**3 - 31*b**2 - 73*b - 35. What is z(34)?
951
Let o(g) = 115*g**2 - 7591*g + 44. Determine o(66).
-22
Let q(l) = 7*l**2 - 1023*l + 22618. Calculate q(119).
8
Let v(h) = -5134*h - 246418. Give v(-48).
14
Let b(h) = -5470*h + 951739. What is b(174)?
-41
Let b(k) = k**3 + 165*k**2 + 799*k - 158. Give b(-160).
2
Let p(o) = -832781*o - 4996678. Give p(-6).
8
Let i(o) = -5844*o - 4353781. Give i(-745).
-1
Let r(s) = -2*s**2 + 921*s + 253950. What is r(-194)?
4
Let i(l) = 2*l**3 - 311*l**2 + 6953*l - 269. Give i(27).
109
Let i(w) = -240*w**2 + 24*w - 225. Determine i(4).
-3969
Let w(p) = -27*p**3 - 3*p**2 + 58*p - 195. Give w(4).
-1739
Let p(w) = 5*w**3 - 5*w**2 - 72*w - 481. Determine p(-5).
-871
Let i(n) = n**3 - 42*n**2 - 382*n - 11137. Calculate i(53).
-484
Let d(y) = -13*y**2 - 446*y - 2705. Calculate d(-26).
103
Let z(p) = -53*p**2 + 1574*p - 175. Give z(31).
-2314
Let x(g) = 117*g + 8287. Calculate x(-70).
97
Let i(x) = -586*x**2 + 2330*x + 107. Give i(4).
51
Let n(u) = -21769*u + 261276. Calculate n(12).
48
Let y(v) = 96*v**3 - 3*v + 7. Calculate y(1).
100
Let c(f) = -44*f**2 + 537*f - 116. Give c(12).
-8
Let k(y) = y**3 + 64*y**2 + 230*y - 654. What is k(-60)?
-54
Let z(m) = -m**2 + 47718*m - 143158. Calculate z(3).
-13
Let x(r) = 20*r**2 + 355*r - 115. What is x(-19)?
360
Let j(t) = -4395*t + 71398. Calculate j(16).
1078
Let b(y) = 3*y**3 - 17*y**2 + 71*y - 138. Give b(3).
3
Let s(m) = -1138*m - 97865. Determine s(-86).
3
Let a(t) = -13*t**2 + 3083*t - 12088. Determine a(4).
36
Let t(f) = 11*f**2 - 118*f - 13433. Determine t(-30).
7
Let c(p) = 3*p**2 + 33*p - 134. Determine c(-19).
322
Let j(q) = -19*q**2 + 4100*q - 66922. What is j(198)?
2
Let a(h) = -755*h - 100808. Calculate a(-133).
-393
Let j(x) = -4*x**3 + x**2 + 128*x + 20. Give j(0).
20
Let u(z) = -50513*z - 6. Give u(0).
-6
Let g(v) = 341*v - 71606. Calculate g(210).
4
Let j(s) = 571*s - 8000. Give j(14).
-6
Let t(z) = 33720*z + 977891. What is t(-29)?
11
Let m(w) = -739*w + 832875. Determine m(1127).
22
Let g(d) = d**2 - 734*d + 26068. What is g(38)?
-380
Let c(x) = x**2 - 1359*x - 211550. Give c(-141).
-50
Let j(h) = 8*h**3 - 227*h**2 + 687*h - 305. Calculate j(25).
-5
Let j(n) = 3564*n + 3598. Give j(-1).
34
Let i(l) = 4*l**3 + 285*l**2 + 80*l + 691. Give i(-71).
52
Let t(l) = -6485*l + 265902. Give t(41).
17
Let c(n) = n**3 - 26*n**2 + 95*n - 147. Calculate c(23).
451
Let y(r) = r**3 - 43*r**2 + 130*r + 307. Give y(40).
707
Let b(l) = l**3 + 123*l**2 + 2429*l - 15639. Give b(-96).
9
Let h(v) = 1216*v - 38002. Determine h(31).
-306
Let g(f) = -12*f**2 - 462*f - 1074. Give g(-37).
-408
Let j(i) = -22*i**2 + 117*i + 6. Give j(0).
6
Let c(m) = -1386*m - 1317. What is c(-3)?
2841
Let j(o) = o**3 + 14*o**2 - 21522*o - 279994. Determine j(-13).
-39
Let k(a) = -a**3 - 21*a**2 - 10913*a + 32965. Determine k(3).
10
Let n(o) = 2020*o + 1018087. Determine n(-504).
7
Let i(y) = -y**2 - 123*y - 2284. Give i(-50).
1366
Let m(y) = -3*y**2 - 2134*y + 187274. Determine m(79).
-35
Let t(v) = 4768*v - 7. Determine t(0).
-7
Let k(v) = -56235*v + 506105. What is k(9)?
-10
Let z(q) = -23857*q - 548715. Calculate z(-23).
-4
Let o(x) = -51*x**2 - 5520*x - 969. Calculate o(-108).
327
Let x(w) = 2*w**3 + 7*w**2 + 28*w - 26. What is x(1)?
11
Let p(f) = -15*f**2 + 1331*f + 5344. Calculate p(-4).
-220
Let y(b) = -b**3 + 219*b**2 + 1618*b - 8122. Give y(226).
14
Let w(k) = -1258*k**2 + 456657*k - 1083. Determine w(363).
6
Let p(y) = 56021*y - 840315. Calculate p(15).
0
Let c(m) = -2*m**3 - 485*m**2 + 238*m - 3416. What is c(-243)?
-2201
Let w(t) = -t**3 - 78*t**2 + 148*t - 1133. Determine w(-80).
-173
Let v(g) = 2*g**2 + 537270*g - 1074535. What is v(2)?
13
Let b(h) = -35*h**2 - 1339*h + 81. Determine b(-38).
423
Let k(u) = 2*u**2 - 191*u - 94250. What is k(270)?
-20
Let w(g) = 269*g - 10784. Give w(40).
-24
Let i(q) = -20*q**3 - 8755*q**2 + 2186*q - 1757. Calculate i(-438).
-5
Let s(n) = n**3 + 160*n**2 + 161*n + 25599. Calculate s(-160).
-161
Let o(d) = d**2 - 2031611*d - 10158070. Determine o(-5).
10
Let t(h) = 3*h**3 - 191*h**2 + 656*h - 193. Calculate t(60).
-433
Let c(z) = -z**2 - 11073*z - 99562. What is c(-9)?
14
Let u(s) = 133*s**2 + 434*s - 1332. Determine u(3).
1167
Let n(y) = -1849*y - 49772. Calculate n(-27).
151
Let h(t) = 142*t**2 + 690*t - 2064. Determine h(3).
1284
Let t(n) = -226*n**2 + 2269*n + 72. Determine t(10).
162
Let h(r) = r**3 + 2*r**2 - 236*r - 1364. Determine h(-6).
-92
Let o(l) = -396394*l - 1981980. Calculate o(-5).
-10
Let t(p) = -p**3 - 221*p**2 - 11455*p + 248. Give t(-83).
331
Let c(p) = -p**3 + 10*p**2 - 1803*p + 19959. What is c(11)?
5
Let y(x) = -244*x - 6743. Determine y(-26).
-399
Let m(l) = l**2 + 63*l + 944. What is m(-37)?
-18
Let k(g) = 46955*g - 12067431. Give k(257).
4
Let i(f) = -2135*f + 499592. Give i(234).
2
Let b(q) = -2*q**2 + 62*q - 349. What is b(5)?
-89
Let h(t) = 4000*t + 243844. Give h(-61).
-156
Let c(h) = -12*h**2 - 421*h - 4187. Calculate c(-12).
-863
Let b(d) = 647*d + 15020. Calculate b(-24).
-508
Let q(u) = 4*u**3 + 88*u**2 + 558*u + 12240. Determine q(-22).
-36
Let q(v) = v**2 - 426*v - 12705. Calculate q(-28).
7
Let z(q) = -q**3 + 187*q**2 - 1217*q - 7721. Determine z(180).
19
Let p(r) = r**2 + 7679*r - 130836. Give p(17).
-4
Let a(o) = -o**3 - 71*o**2 + 8*o - 24. What is a(-71)?
-592
Let p(v) = -488*v + 42992. Determine p(88).
48
Let f(t) = 1335*t - 51250. What is f(41)?
3485
Let p(b) = -18*b**2 + 66*b - 749. Determine p(16).
-4301
Let a(d) = 968*d + 9383. Determine a(-10).
-297
Let m(j) = 1195*j - 4410. Give m(3).
-825
Let x(n) = 7*n**3 + 1383*n**2 - 3403*n - 576. Determine x(-200).
24
Let t(g) = 3*g**2 - 147*g - 1653. Give t(0).
-1653
Let p(w) = 2*w**3 + 206*w**2 - 1072*w + 922. Determine p(-108).
58
Let n(t) = 14*t**3 + 60*t**2 - 218*t - 829. Give n(-5).
11
Let t(n) = -n**2 - 4166*n + 33345. Give t(8).
-47
Let i(h) = -h**2 + 361*h + 1790. Give i(0).
1790
Let n(v) = 22388*v - 26373063. Determine n(1178).
1
Let j(w) = -w**3 - 24*w**2 + 388*w + 9300. Determine j(-24).
-12
Let v(i) = -61*i**3 + 24*i**2 - 1663*i + 1638. Calculate v(1).
-62
Let m(s) = -s**2 - 822*s - 43434. What is m(-57)?
171
Let r(o) = -34*o**3 + 407*o**2 + 12*o + 24. Determine r(12).
24
Let y(v) = -5018*v + 11521. What is y(2)?
1485
Let j(s) = 66*s**2 + 15*s + 3. What is j(0)?
3
Let r(l) = l**3 + 124*l**2 + 3683*l - 4218. What is r(-53)?
22
Let k(z) = 5*z**2 - 140*z - 429. What is k(31)?
36
Let c(t) = 217*t + 30288. Calculate c(-140).
-92
Let j(i) = -253617*i - 5325953. Give j(-21).
4
Let f(u) = -53138*u - 903338. Calculate f(-17).
8
Let v(m) = -4*m**3 + 606*m**2 + 276*m + 4304. Give v(152).
48
Let l(f) = -2*f**3 + 329*f**2 + 702*f - 33860. Determine l(166).
4
Let t(i) = i**3 + 544*i**2 + 44746*i + 377. Determine t(-101).
74
Let v(x) = -15*x**2 - 169*x + 10169. Determine v(21).
5
Let o(s) = -2*s**3 + 594*s**2 - 43849*s + 1442. Give o(160).
2
Let t(o) = o**3 + 4*o**2 - 87*o + 1147. What is t(-15)?
-23
Let w(n) = -2*n**2 + 1256*n - 133854. Give w(492).
-30
Let i(l) = 6742*l + 60523. What is i(-9)?
-155
Let u(f) = -3*f**3 - 78*f**2 - 210*f - 89. What is u(-23)?
-20
Let a(q) = 4*q**2 - 250*q - 4102. What is a(79)?
1112
Let t(h) = -h**2 - 343*h - 22079. Determine t(-97).
1783
Let x(l) = 21*l**3 + l**2 + 85*l - 242. Give x(3).
589
Let b(h) = 3*h**2 + 31704*h - 730785. What is b(23)?
-6
Let p(m) = 2*m**3 + 8*m**2 + 89*m + 414. Give p(-6).
-264
Let a(u) = -2*u**3 - 10*u**2 + 39346*u + 196